52?
2, 113
What are the prime factors of 2181?
3, 727
List the prime factors of 11090.
2, 5, 1109
What are the prime factors of 77309?
97, 797
What are the prime factors of 4755?
3, 5, 317
List the prime factors of 13193.
79, 167
List the prime factors of 4373.
4373
What are the prime factors of 20088?
2, 3, 31
List the prime factors of 49959.
3, 7, 13, 61
What are the prime factors of 14660?
2, 5, 733
List the prime factors of 55482.
2, 3, 7, 1321
What are the prime factors of 77685?
3, 5, 5179
What are the prime factors of 38827?
41, 947
What are the prime factors of 2422?
2, 7, 173
What are the prime factors of 10455?
3, 5, 17, 41
What are the prime factors of 259?
7, 37
List the prime factors of 758.
2, 379
What are the prime factors of 435?
3, 5, 29
What are the prime factors of 97549?
97549
What are the prime factors of 9803?
9803
List the prime factors of 74.
2, 37
List the prime factors of 3487.
11, 317
List the prime factors of 2222.
2, 11, 101
What are the prime factors of 59877?
3, 6653
What are the prime factors of 436?
2, 109
List the prime factors of 7327.
17, 431
List the prime factors of 6379.
6379
What are the prime factors of 15554?
2, 7, 11, 101
List the prime factors of 1447.
1447
What are the prime factors of 1523?
1523
What are the prime factors of 8193?
3, 2731
List the prime factors of 15354.
2, 3, 853
List the prime factors of 50233.
191, 263
List the prime factors of 95141.
89, 1069
List the prime factors of 9401.
7, 17, 79
List the prime factors of 39144.
2, 3, 7, 233
What are the prime factors of 169644?
2, 3, 67, 211
List the prime factors of 235.
5, 47
List the prime factors of 3815.
5, 7, 109
What are the prime factors of 9271?
73, 127
What are the prime factors of 9942?
2, 3, 1657
What are the prime factors of 11279?
11279
What are the prime factors of 715?
5, 11, 13
List the prime factors of 4347.
3, 7, 23
What are the prime factors of 51?
3, 17
List the prime factors of 36962.
2, 18481
What are the prime factors of 953?
953
What are the prime factors of 6527?
61, 107
What are the prime factors of 4019?
4019
List the prime factors of 3330.
2, 3, 5, 37
List the prime factors of 1562.
2, 11, 71
List the prime factors of 10356.
2, 3, 863
What are the prime factors of 1145?
5, 229
What are the prime factors of 27125?
5, 7, 31
List the prime factors of 10766.
2, 7, 769
What are the prime factors of 6676?
2, 1669
List the prime factors of 15558.
2, 3, 2593
What are the prime factors of 1128?
2, 3, 47
What are the prime factors of 22459?
37, 607
What are the prime factors of 8765?
5, 1753
What are the prime factors of 1120?
2, 5, 7
What are the prime factors of 361?
19
What are the prime factors of 125251?
7, 29, 617
What are the prime factors of 19882?
2, 9941
What are the prime factors of 14694?
2, 3, 31, 79
What are the prime factors of 5675?
5, 227
List the prime factors of 37955.
5, 7591
What are the prime factors of 447?
3, 149
What are the prime factors of 14925?
3, 5, 199
List the prime factors of 7204.
2, 1801
List the prime factors of 1087.
1087
What are the prime factors of 5963?
67, 89
What are the prime factors of 545?
5, 109
List the prime factors of 654.
2, 3, 109
What are the prime factors of 280?
2, 5, 7
List the prime factors of 78.
2, 3, 13
List the prime factors of 547.
547
What are the prime factors of 5926?
2, 2963
List the prime factors of 991.
991
List the prime factors of 1702.
2, 23, 37
What are the prime factors of 3181?
3181
What are the prime factors of 6736?
2, 421
List the prime factors of 107.
107
List the prime factors of 33841.
43, 787
What are the prime factors of 46050?
2, 3, 5, 307
List the prime factors of 14576.
2, 911
List the prime factors of 1041.
3, 347
What are the prime factors of 7578?
2, 3, 421
What are the prime factors of 27893?
27893
List the prime factors of 25041.
3, 17, 491
What are the prime factors of 16476?
2, 3, 1373
List the prime factors of 11692.
2, 37, 79
What are the prime factors of 189520?
2, 5, 23, 103
List the prime factors of 1015.
5, 7, 29
List the prime factors of 2529.
3, 281
What are the prime factors of 2485?
5, 7, 71
What are the prime factors of 11006?
2, 5503
What are the prime factors of 1668?
2, 3, 139
List the prime factors of 414.
2, 3, 23
What are the prime factors of 1194?
2, 3, 199
What are the prime factors of 367?
367
What are the prime factors of 3073?
7, 439
What are the prime factors of 27840?
2, 3, 5, 29
What are the prime factors of 11108?
2, 2777
List the prime factors of 21396.
2, 3, 1783
What are the prime factors of 9277?
9277
List the prime factors of 990.
2, 3, 5, 11
What are the prime factors of 4520?
2, 5, 113
What are the prime factors of 161656?
2, 11, 167
List the prime factors of 3264.
2, 3, 17
What are the prime factors of 696?
2, 3, 29
What are the prime factors of 6126?
2, 3, 1021
List the prime factors of 14594.
2, 7297
What are the prime factors of 330?
2, 3, 5, 11
List the prime factors of 1461.
3, 487
List the prime factors of 355.
5, 71
List the prime factors of 1632.
2, 3, 17
What are the prime factors of 135?
3, 5
List the prime factors of 649.
11, 59
List the prime factors of 664.
2, 83
List the prime factors of 44086.
2, 7, 47, 67
List the prime factors of 2232.
2, 3, 31
What are the prime factors of 56160?
2, 3, 5, 13
What are the prime factors of 4802?
2, 7
List the prime factors of 44021.
44021
List the prime factors of 2323.
23, 101
List the prime factors of 9430.
2, 5, 23, 41
What are the prime factors of 171?
3, 19
What are the prime factors of 2347?
2347
What are the prime factors of 5555?
5, 11, 101
What are the prime factors of 7272?
2, 3, 101
What are the prime factors of 723?
3, 241
What are the prime factors of 28137?
3, 83, 113
What are the prime factors of 37672?
2, 17, 277
What are the prime factors of 80111?
80111
What are the prime factors of 444?
2, 3, 37
What are the prime factors of 385?
5, 7, 11
What are the prime factors of 527?
17, 31
List the prime factors of 28119.
3, 7, 13, 103
What are the prime factors of 14081?
14081
List the prime factors of 32612.
2, 31, 263
List the prime factors of 3573.
3, 397
What are the prime factors of 4323?
3, 11, 131
What are the prime factors of 88584?
2, 3, 3691
What are the prime factors of 968?
2, 11
List the prime factors of 621.
3, 23
What are the prime factors of 93650?
2, 5, 1873
List the prime factors of 882.
2, 3, 7
List the prime factors of 16375.
5, 131
List the prime factors of 4007.
4007
List the prime factors of 1723.
1723
List the prime factors of 45101.
7, 17, 379
List the prime factors of 156.
2, 3, 13
List the prime factors of 292.
2, 73
List the prime factors of 1489.
1489
What are the prime factors of 9045?
3, 5, 67
List the prime factors of 14552.
2, 17, 107
List the prime factors of 4837.
7, 691
List the prime factors of 71322.
2, 3, 11887
List the prime factors of 2524.
2, 631
What are the prime factors of 2592?
2, 3
List the prime factors of 8364.
2, 3, 17, 41
List the prime factors of 1176.
2, 3, 7
What are the prime factors of 2477?
2477
List the prime factors of 1035.
3, 5, 23
List the prime factors of 24911.
29, 859
List the prime factors of 100493.
100493
What are the prime factors of 5034?
2, 3, 839
What are the prime factors of 16111?
16111
List the prime factors of 72262.
2, 36131
List the prime factors of 38743.
17, 43, 53
List the prime factors of 711.
3, 79
List the prime factors of 35023.
35023
List the prime factors of 4549.
4549
What are the prime factors of 78012?
2, 3, 11, 197
List the prime factors of 12082.
2, 7, 863
What are the prime factors of 1843?
19, 97
What are the prime factors of 26210?
2, 5, 2621
What are the prime factors of 1979?
1979
What are the prime factors of 1141?
7, 163
List the prime factors of 12356.
2, 3089
What are the prime factors of 1206?
2, 3, 67
What are the prime factors of 23912?
2, 7, 61
List the prime factors of 10682.
2, 7, 109
What are the prime factors of 48317?
19, 2543
What are the prime factors of 20156?
2, 5039
List the prime factors of 3821.
3821
List the prime factors of 24472.
2, 7, 19, 23
What are the prime factors of 1575?
3, 5, 7
What are the prime factors of 735?
3, 5, 7
What are the prime factors of 1743?
3, 7, 83
What are the prime factors of 57?
3, 19
List